{"id":5408,"date":"2025-09-14T17:04:28","date_gmt":"2025-09-14T15:04:28","guid":{"rendered":"https:\/\/novembremusicaldesvoirons.com\/?page_id=5408"},"modified":"2025-11-21T14:59:35","modified_gmt":"2025-11-21T13:59:35","slug":"edition-2025","status":"publish","type":"page","link":"https:\/\/novembremusicaldesvoirons.com\/index.php\/edition-2025\/","title":{"rendered":"Edition 2025"},"content":{"rendered":"\n<p class=\"has-text-align-right\" style=\"font-size:25px\">Lien vers page -&gt; <strong><a href=\"https:\/\/novembremusicaldesvoirons.com\/index.php\/edition-2025-quelques-images\/edition-2025-quelques-images\/\" target=\"_blank\" rel=\"noreferrer noopener\">photos et vid\u00e9os, \u00e9dition 2025<\/a><\/strong><\/p>\n\n\n\n<div style=\"height:28px\" aria-hidden=\"true\" class=\"wp-block-spacer\"><\/div>\n\n\n\n<h1 class=\"wp-block-heading has-text-align-center\" style=\"font-size:25px\"><em>Th\u00e8me de l&rsquo;\u00e9dition 2025 :<\/em> <strong><em>Invitation \u00e0 la danse !<\/em><\/strong><\/h1>\n\n\n\n<div style=\"height:31px\" aria-hidden=\"true\" class=\"wp-block-spacer\"><\/div>\n\n\n\n<h1 class=\"wp-block-heading has-text-align-left\" style=\"font-size:25px\"><strong>Programme novembre 2025<\/strong><\/h1>\n\n\n\n<h1 class=\"wp-block-heading has-text-align-left\" style=\"font-size:25px\"><em>Week-end n\u00b0 1<\/em><br><strong>Du vendredi 7 au mardi 11 novembre :<\/strong><\/h1>\n\n\n\n<figure class=\"wp-block-image size-large\"><img loading=\"lazy\" decoding=\"async\" width=\"1024\" height=\"893\" src=\"https:\/\/novembremusicaldesvoirons.com\/wp-content\/uploads\/2025\/09\/1-1er-w.-end-feuille-1-1024x893.jpg\" alt=\"\" class=\"wp-image-5413\" srcset=\"https:\/\/novembremusicaldesvoirons.com\/wp-content\/uploads\/2025\/09\/1-1er-w.-end-feuille-1-1024x893.jpg 1024w, https:\/\/novembremusicaldesvoirons.com\/wp-content\/uploads\/2025\/09\/1-1er-w.-end-feuille-1-300x262.jpg 300w, https:\/\/novembremusicaldesvoirons.com\/wp-content\/uploads\/2025\/09\/1-1er-w.-end-feuille-1-768x670.jpg 768w, https:\/\/novembremusicaldesvoirons.com\/wp-content\/uploads\/2025\/09\/1-1er-w.-end-feuille-1.jpg 1232w\" sizes=\"auto, (max-width: 1024px) 100vw, 1024px\" \/><\/figure>\n\n\n\n<figure class=\"wp-block-image size-large\"><img loading=\"lazy\" decoding=\"async\" width=\"1024\" height=\"892\" src=\"https:\/\/novembremusicaldesvoirons.com\/wp-content\/uploads\/2025\/09\/2-1er-w.-end-feuille-2-1024x892.jpg\" alt=\"\" class=\"wp-image-5415\" srcset=\"https:\/\/novembremusicaldesvoirons.com\/wp-content\/uploads\/2025\/09\/2-1er-w.-end-feuille-2-1024x892.jpg 1024w, https:\/\/novembremusicaldesvoirons.com\/wp-content\/uploads\/2025\/09\/2-1er-w.-end-feuille-2-300x261.jpg 300w, https:\/\/novembremusicaldesvoirons.com\/wp-content\/uploads\/2025\/09\/2-1er-w.-end-feuille-2-768x669.jpg 768w, https:\/\/novembremusicaldesvoirons.com\/wp-content\/uploads\/2025\/09\/2-1er-w.-end-feuille-2.jpg 1240w\" sizes=\"auto, (max-width: 1024px) 100vw, 1024px\" \/><\/figure>\n\n\n\n<hr class=\"wp-block-separator has-alpha-channel-opacity\"\/>\n\n\n\n<h1 class=\"wp-block-heading has-text-align-left\" style=\"font-size:25px\"><em>Week-end n\u00b0 2<\/em><br><strong>Du vendredi 14 au dimanche 16 novembre<\/strong>,<br>avec une rencontre le samedi 15 novembre :<\/h1>\n\n\n\n<figure class=\"wp-block-image size-large\"><img loading=\"lazy\" decoding=\"async\" width=\"1024\" height=\"845\" src=\"https:\/\/novembremusicaldesvoirons.com\/wp-content\/uploads\/2025\/09\/4-2e-w.-end-feuille-1-1024x845.jpg\" alt=\"\" class=\"wp-image-5416\" srcset=\"https:\/\/novembremusicaldesvoirons.com\/wp-content\/uploads\/2025\/09\/4-2e-w.-end-feuille-1-1024x845.jpg 1024w, https:\/\/novembremusicaldesvoirons.com\/wp-content\/uploads\/2025\/09\/4-2e-w.-end-feuille-1-300x247.jpg 300w, https:\/\/novembremusicaldesvoirons.com\/wp-content\/uploads\/2025\/09\/4-2e-w.-end-feuille-1-768x633.jpg 768w, https:\/\/novembremusicaldesvoirons.com\/wp-content\/uploads\/2025\/09\/4-2e-w.-end-feuille-1.jpg 1233w\" sizes=\"auto, (max-width: 1024px) 100vw, 1024px\" \/><\/figure>\n\n\n\n<figure class=\"wp-block-image size-large\"><img loading=\"lazy\" decoding=\"async\" width=\"1024\" height=\"669\" src=\"https:\/\/novembremusicaldesvoirons.com\/wp-content\/uploads\/2025\/09\/5-2e-w.-end-feuille-2-1-1024x669.jpg\" alt=\"\" class=\"wp-image-5429\" srcset=\"https:\/\/novembremusicaldesvoirons.com\/wp-content\/uploads\/2025\/09\/5-2e-w.-end-feuille-2-1-1024x669.jpg 1024w, https:\/\/novembremusicaldesvoirons.com\/wp-content\/uploads\/2025\/09\/5-2e-w.-end-feuille-2-1-300x196.jpg 300w, https:\/\/novembremusicaldesvoirons.com\/wp-content\/uploads\/2025\/09\/5-2e-w.-end-feuille-2-1-768x502.jpg 768w, https:\/\/novembremusicaldesvoirons.com\/wp-content\/uploads\/2025\/09\/5-2e-w.-end-feuille-2-1.jpg 1457w\" sizes=\"auto, (max-width: 1024px) 100vw, 1024px\" \/><\/figure>\n\n\n\n<hr class=\"wp-block-separator has-alpha-channel-opacity\"\/>\n\n\n\n<p class=\"has-text-align-right\" style=\"font-size:25px\">Lien vers page -> <strong><a href=\"https:\/\/novembremusicaldesvoirons.com\/index.php\/edition-2025-quelques-images\/edition-2025-quelques-images\/\" target=\"_blank\" rel=\"noreferrer noopener\">photos et vid\u00e9os, \u00e9dition 2025<\/a><\/strong><\/p>\n\n\n\n<h2 class=\"wp-block-heading\" style=\"font-size:30px\"><strong>Le programme en un coup d\u2019\u0153il<\/strong> :<\/h2>\n\n\n\n<figure class=\"wp-block-image size-full is-resized\"><img loading=\"lazy\" decoding=\"async\" width=\"809\" height=\"717\" src=\"https:\/\/novembremusicaldesvoirons.com\/wp-content\/uploads\/2025\/09\/3A-Page-de-garde-du-1er-w.-e.jpg\" alt=\"\" class=\"wp-image-5438\" style=\"width:651px;height:auto\" srcset=\"https:\/\/novembremusicaldesvoirons.com\/wp-content\/uploads\/2025\/09\/3A-Page-de-garde-du-1er-w.-e.jpg 809w, https:\/\/novembremusicaldesvoirons.com\/wp-content\/uploads\/2025\/09\/3A-Page-de-garde-du-1er-w.-e-300x266.jpg 300w, https:\/\/novembremusicaldesvoirons.com\/wp-content\/uploads\/2025\/09\/3A-Page-de-garde-du-1er-w.-e-768x681.jpg 768w\" sizes=\"auto, (max-width: 809px) 100vw, 809px\" \/><\/figure>\n\n\n\n<p class=\"has-text-align-left has-black-color has-text-color has-link-color wp-elements-ddc23532e80f3ae03835146cae5c8d1d\" style=\"font-size:26px\"><em>Quelques liens&#8230;.<\/em><\/p>\n\n\n\n<ul class=\"wp-block-list\">\n<li style=\"font-size:24px\"><em>site \/ pr\u00e9sentation de <a href=\"https:\/\/vincentlequang.com\/\" target=\"_blank\" rel=\"noreferrer noopener\">Vincent L\u00ea Quang<\/a><\/em><\/li>\n\n\n\n<li style=\"font-size:24px\"><em>une biographie de <a href=\"https:\/\/academiejaroussky.org\/membre\/antonin-bonnet\/\" target=\"_blank\" rel=\"noreferrer noopener\">Antonin Bonnet<\/a> (Acad\u00e9mie musicale Philippe Jaroussky)<\/em><\/li>\n\n\n\n<li style=\"font-size:24px\"><em><a href=\"https:\/\/www.radiofrance.fr\/francemusique\/podcasts\/au-coeur-du-jazz\/rolando-luna-l-esprit-du-live-1783650\" target=\"_blank\" rel=\"noreferrer noopener\">Rolando Luna<\/a> sur France Musique (Au c\u0153ur du jazz)<\/em><\/li>\n\n\n\n<li style=\"font-size:24px\"><em>Site du <a href=\"https:\/\/www.triosr9.com\/\" target=\"_blank\" rel=\"noreferrer noopener\">trio SR9<\/a><\/em><\/li>\n\n\n\n<li style=\"font-size:24px\"><em>Site <a href=\"https:\/\/www.renaudgarciafons.com\/biographie\" target=\"_blank\" rel=\"noreferrer noopener\">Renaud Garcia-Fons<\/a> (biographie)<\/em><\/li>\n\n\n\n<li style=\"font-size:24px\"><em><a href=\"https:\/\/www.radiofrance.fr\/francemusique\/podcasts\/guitare-guitares\" target=\"_blank\" rel=\"noreferrer noopener\">S\u00e9bastien Llinar\u00e8s<\/a> sur France Musique (\u00e9mission \u00ab\u00a0Guitare, guitares\u00a0\u00bb)<\/em><\/li>\n\n\n\n<li style=\"font-size:24px\"><em><a href=\"https:\/\/www.flamencoenfrance.fr\/professeurs\/karine-gonzalez\" target=\"_blank\" rel=\"noreferrer noopener\">Karine Gonzalez<\/a> (biographie) &#8211; Flamenco en France<\/em><\/li>\n\n\n\n<li style=\"font-size:24px\"><em>Vid\u00e9o YouTube <a href=\"https:\/\/www.youtube.com\/watch?v=oQ2VdMdESsM\" target=\"_blank\" rel=\"noreferrer noopener\">ensemble Destin\u00e9es<\/a> (Sophie de Bardonn\u00e8che &#8211; Lucile Boulanger &#8211; Justin Taylor)<\/em><\/li>\n\n\n\n<li style=\"font-size:24px\"><em>Vid\u00e9o YouTube <a href=\"https:\/\/www.youtube.com\/watch?v=UyCILwgVX3U\" target=\"_blank\" rel=\"noreferrer noopener\">Duo Larmarosso<\/a><\/em><\/li>\n\n\n\n<li style=\"font-size:24px\"><em>Vid\u00e9o YouTube <a href=\"https:\/\/www.youtube.com\/watch?v=jWuNWoiQD64\" target=\"_blank\" rel=\"noreferrer noopener\">Curious bards<\/a> Sublimation<\/em><\/li>\n\n\n\n<li><\/li>\n<\/ul>\n\n\n\n<hr class=\"wp-block-separator has-alpha-channel-opacity\"\/>\n\n\n\n<h2 class=\"wp-block-heading\" style=\"font-size:24px\">O\u00f9 trouver nos <strong>salles de concerts<\/strong> : <strong><a href=\"https:\/\/novembremusicaldesvoirons.com\/index.php\/ou-trouver-les-salles-de-concerts\/\" data-type=\"link\" data-id=\"https:\/\/novembremusicaldesvoirons.com\/index.php\/ou-trouver-les-salles-de-concerts\/\" target=\"_blank\" rel=\"noreferrer noopener\">voir page d&rsquo;information<\/a><\/strong> en lien<\/h2>\n\n\n\n<h2 class=\"wp-block-heading\" style=\"font-size:24px\">Information pratique : pour vous rendre aux concerts<strong>, pensez \u00e0 co-voiturer ! <\/strong><\/h2>\n","protected":false},"excerpt":{"rendered":"<p>Lien vers page -&gt; photos et vid\u00e9os, \u00e9dition 2025 Th\u00e8me de l&rsquo;\u00e9dition 2025 : Invitation \u00e0 la danse ! Programme novembre 2025 Week-end n\u00b0 1Du vendredi 7 au mardi 11 novembre : Week-end n\u00b0 2Du vendredi 14 au dimanche 16<\/p>\n","protected":false},"author":3,"featured_media":0,"parent":0,"menu_order":0,"comment_status":"closed","ping_status":"closed","template":"","meta":{"footnotes":""},"class_list":["post-5408","page","type-page","status-publish","hentry"],"_links":{"self":[{"href":"https:\/\/novembremusicaldesvoirons.com\/index.php\/wp-json\/wp\/v2\/pages\/5408","targetHints":{"allow":["GET"]}}],"collection":[{"href":"https:\/\/novembremusicaldesvoirons.com\/index.php\/wp-json\/wp\/v2\/pages"}],"about":[{"href":"https:\/\/novembremusicaldesvoirons.com\/index.php\/wp-json\/wp\/v2\/types\/page"}],"author":[{"embeddable":true,"href":"https:\/\/novembremusicaldesvoirons.com\/index.php\/wp-json\/wp\/v2\/users\/3"}],"replies":[{"embeddable":true,"href":"https:\/\/novembremusicaldesvoirons.com\/index.php\/wp-json\/wp\/v2\/comments?post=5408"}],"version-history":[{"count":105,"href":"https:\/\/novembremusicaldesvoirons.com\/index.php\/wp-json\/wp\/v2\/pages\/5408\/revisions"}],"predecessor-version":[{"id":5894,"href":"https:\/\/novembremusicaldesvoirons.com\/index.php\/wp-json\/wp\/v2\/pages\/5408\/revisions\/5894"}],"wp:attachment":[{"href":"https:\/\/novembremusicaldesvoirons.com\/index.php\/wp-json\/wp\/v2\/media?parent=5408"}],"curies":[{"name":"wp","href":"https:\/\/api.w.org\/{rel}","templated":true}]}}