{"id":4594,"date":"2024-05-03T12:25:45","date_gmt":"2024-05-03T10:25:45","guid":{"rendered":"https:\/\/novembremusicaldesvoirons.com\/?page_id=4594"},"modified":"2025-10-08T09:43:02","modified_gmt":"2025-10-08T07:43:02","slug":"lassociation-novembre-musical-des-voirons","status":"publish","type":"page","link":"https:\/\/novembremusicaldesvoirons.com\/index.php\/lassociation-novembre-musical-des-voirons\/","title":{"rendered":"L&rsquo;association Novembre Musical des Voirons"},"content":{"rendered":"\n<div class=\"wp-block-media-text alignwide has-media-on-the-right is-stacked-on-mobile\" style=\"grid-template-columns:auto 17%\"><div class=\"wp-block-media-text__content\">\n<h2 class=\"wp-block-heading has-medium-font-size\">Statuts et objectifs<\/h2>\n\n\n\n<p>L\u2019association Novembre Musical des Voirons a \u00e9t\u00e9 cr\u00e9\u00e9e \u00e0 Bonne (74) en octobre 2018.<\/p>\n\n\n\n<p>Selon les objectifs d\u00e9clar\u00e9s au Journal Officiel lors de la cr\u00e9ation de l\u2019association , il a \u00e9t\u00e9 indiqu\u00e9 :<\/p>\n\n\n\n<p><em>\u00ab&nbsp;<strong>Objet : organiser annuellement, dans des communes des Voirons, le festival Novembre Musical des Voirons dont l\u2019objectif est d\u2019inciter \u00e0 l\u2019\u00e9coute et \u00e0 la d\u00e9couverte de musiques vivantes de qualit\u00e9 en recevant des artistes d\u2019excellence. Le festival propose des concerts et concerts-animations jeune public dans les domaines classique, jazz et cr\u00e9ation<\/strong><\/em>.&nbsp;\u00bb<\/p>\n\n\n\n<h2 class=\"wp-block-heading has-medium-font-size\">Actualit\u00e9s 2024<\/h2>\n\n\n\n<p>L\u2019Assembl\u00e9e G\u00e9n\u00e9rale annuelle de Novembre Musical des Voirons a eu lieu le 28 mars 2024 \u00e0 la mairie de Bonne.<\/p>\n\n\n\n<p class=\"has-black-color has-text-color\">La cotisation annuelle pour devenir membre de l\u2019association N.M.V. est maintenue \u00e0 <strong>10 \u20ac par personne et par an<\/strong> pour l\u2019ann\u00e9e 2024.<\/p>\n\n\n\n<p class=\"has-black-color has-text-color\">A partir de 2024, les b\u00e9n\u00e9voles assurant des t\u00e2ches tr\u00e8s appr\u00e9ci\u00e9es pour le bon fonctionnement du festival doivent <strong>\u00eatre membres de l&rsquo;association et \u00e0 jour de leur cotisation <\/strong>afin que, en cas d&rsquo;accident, ils soient couverts pas l&rsquo;assurance conclue par Novembre Musical des Voirons.<\/p>\n<\/div><figure class=\"wp-block-media-text__media\"><img loading=\"lazy\" decoding=\"async\" width=\"731\" height=\"1024\" src=\"https:\/\/novembremusicaldesvoirons.com\/wp-content\/uploads\/2023\/11\/DSC_1891-731x1024.jpg\" alt=\"\" class=\"wp-image-4347 size-full\" srcset=\"https:\/\/novembremusicaldesvoirons.com\/wp-content\/uploads\/2023\/11\/DSC_1891-731x1024.jpg 731w, https:\/\/novembremusicaldesvoirons.com\/wp-content\/uploads\/2023\/11\/DSC_1891-214x300.jpg 214w, https:\/\/novembremusicaldesvoirons.com\/wp-content\/uploads\/2023\/11\/DSC_1891-768x1076.jpg 768w, https:\/\/novembremusicaldesvoirons.com\/wp-content\/uploads\/2023\/11\/DSC_1891-1097x1536.jpg 1097w, https:\/\/novembremusicaldesvoirons.com\/wp-content\/uploads\/2023\/11\/DSC_1891.jpg 1288w\" sizes=\"auto, (max-width: 731px) 100vw, 731px\" \/><\/figure><\/div>\n\n\n\n<div style=\"height:41px\" aria-hidden=\"true\" class=\"wp-block-spacer\"><\/div>\n\n\n\n<figure class=\"wp-block-image aligncenter size-full is-resized\"><img loading=\"lazy\" decoding=\"async\" width=\"1000\" height=\"405\" src=\"https:\/\/novembremusicaldesvoirons.com\/wp-content\/uploads\/2025\/10\/N.M.V.-oct.-25.jpeg\" alt=\"\" class=\"wp-image-5509\" style=\"width:593px;height:auto\" srcset=\"https:\/\/novembremusicaldesvoirons.com\/wp-content\/uploads\/2025\/10\/N.M.V.-oct.-25.jpeg 1000w, https:\/\/novembremusicaldesvoirons.com\/wp-content\/uploads\/2025\/10\/N.M.V.-oct.-25-300x122.jpeg 300w, https:\/\/novembremusicaldesvoirons.com\/wp-content\/uploads\/2025\/10\/N.M.V.-oct.-25-768x311.jpeg 768w\" sizes=\"auto, (max-width: 1000px) 100vw, 1000px\" \/><\/figure>\n","protected":false},"excerpt":{"rendered":"<p>Statuts et objectifs L\u2019association Novembre Musical des Voirons a \u00e9t\u00e9 cr\u00e9\u00e9e \u00e0 Bonne (74) en octobre 2018. Selon les objectifs d\u00e9clar\u00e9s au Journal Officiel lors de la cr\u00e9ation de l\u2019association , il a \u00e9t\u00e9 indiqu\u00e9 : \u00ab&nbsp;Objet : organiser annuellement,<\/p>\n","protected":false},"author":3,"featured_media":0,"parent":0,"menu_order":0,"comment_status":"closed","ping_status":"closed","template":"","meta":{"footnotes":""},"class_list":["post-4594","page","type-page","status-publish","hentry"],"_links":{"self":[{"href":"https:\/\/novembremusicaldesvoirons.com\/index.php\/wp-json\/wp\/v2\/pages\/4594","targetHints":{"allow":["GET"]}}],"collection":[{"href":"https:\/\/novembremusicaldesvoirons.com\/index.php\/wp-json\/wp\/v2\/pages"}],"about":[{"href":"https:\/\/novembremusicaldesvoirons.com\/index.php\/wp-json\/wp\/v2\/types\/page"}],"author":[{"embeddable":true,"href":"https:\/\/novembremusicaldesvoirons.com\/index.php\/wp-json\/wp\/v2\/users\/3"}],"replies":[{"embeddable":true,"href":"https:\/\/novembremusicaldesvoirons.com\/index.php\/wp-json\/wp\/v2\/comments?post=4594"}],"version-history":[{"count":17,"href":"https:\/\/novembremusicaldesvoirons.com\/index.php\/wp-json\/wp\/v2\/pages\/4594\/revisions"}],"predecessor-version":[{"id":5514,"href":"https:\/\/novembremusicaldesvoirons.com\/index.php\/wp-json\/wp\/v2\/pages\/4594\/revisions\/5514"}],"wp:attachment":[{"href":"https:\/\/novembremusicaldesvoirons.com\/index.php\/wp-json\/wp\/v2\/media?parent=4594"}],"curies":[{"name":"wp","href":"https:\/\/api.w.org\/{rel}","templated":true}]}}