{"id":422,"date":"2017-07-05T16:43:31","date_gmt":"2017-07-05T14:43:31","guid":{"rendered":"http:\/\/novembremusicaldesvoirons.com\/?page_id=422"},"modified":"2017-09-25T11:10:22","modified_gmt":"2017-09-25T09:10:22","slug":"les-freres-bouclier","status":"publish","type":"page","link":"https:\/\/novembremusicaldesvoirons.com\/index.php\/les-freres-bouclier\/","title":{"rendered":"Les Fr\u00e8res BOUCLIER"},"content":{"rendered":"<p><img loading=\"lazy\" decoding=\"async\" class=\" wp-image-381 alignleft\" src=\"https:\/\/novembremusicaldesvoirons.com\/wp-content\/uploads\/2017\/07\/06-Les-Boucliers-300x225.jpg\" alt=\"\" width=\"355\" height=\"266\" \/><\/p>\n<p>&nbsp;<\/p>\n<h2><strong>Les Fr\u00e8res Bouclier<\/strong><\/h2>\n<p>Un duo exceptionnel ! Issus d&rsquo;une famille de musiciens, Dimitri et Julien Bouclier s&rsquo;imposent aujourd&rsquo;hui comme de v\u00e9ritables virtuoses de leurs instruments.<\/p>\n<p>Si violon et accord\u00e9on riment souvent avec musique de l&rsquo;Est, ce duo transporte son public vers des terres inconnues et impressionne par le lyrisme, la libert\u00e9, et l&rsquo;engagement de ses arrangements et de ses interpr\u00e9tations.<\/p>\n<p>Le programme va de grandes \u0153uvres baroques et classique \u00e0 chaleur des tangos argentins en passant par la splendeur du r\u00e9pertoire russe.<\/p>\n<p>Le duo a b\u00e9n\u00e9fici\u00e9 des conseils de grands p\u00e9dagogues parmi lesquels\u00a0:\u00a0Marie-Annick Nicolas, leur p\u00e8re Thierry Bouclier, Jean-Ter Merguerian et Jean-Jacques Balet \u00e0 la Haute Ecole de Musique de Gen\u00e8ve.<\/p>\n<p>Il se produit en concert depuis 2005. En 2008, il se classe 5\u00e8me au\u00a0Prix International de Musique de Chambre de Glasgow\u00a0et 2\u00e8me au\u00a0Concours International de Musique de Chambre de Castelfidardo.\u00a0En 2009, il participe aux concerts \u00ab\u00a0Jeunes Talents\u00a0\u00bb et est invit\u00e9 \u00e0 jouer en premi\u00e8re partie de r\u00e9cital de Marie-Annick Nicolas et Fran\u00e7ois Daudet puis de Fran\u00e7ois-Ren\u00e9 Duchable. En octobre 2009, il remporte le\u00a01er prix au Concours International de Roubaix.<\/p>\n<p>Depuis, le duo se produit partout en France et en Europe dans de prestigieux festivals (Festival Radio France Montpellier, Lille Piano Festival, Festival Europ\u00e9en Jeunes Talents, Festival de musique de Chambre d\u2019Arcachon, Cully Classique, Festival International de Kragujevac, Festival des Lumi\u00e8res, etc.) Son premier cd sortira en 2017 chez Klarthe Records.<\/p>\n<p><a href=\"https:\/\/www.dimitribouclier.com\/les-freres-bouclier\">https:\/\/www.dimitribouclier.com\/les-freres-bouclier<\/a><\/p>\n","protected":false},"excerpt":{"rendered":"<p>&nbsp; Les Fr\u00e8res Bouclier Un duo exceptionnel ! Issus d&rsquo;une famille de musiciens, Dimitri et Julien Bouclier s&rsquo;imposent aujourd&rsquo;hui comme de v\u00e9ritables virtuoses de leurs instruments. Si violon et accord\u00e9on riment souvent avec musique de l&rsquo;Est, ce duo transporte son<\/p>\n","protected":false},"author":3,"featured_media":0,"parent":0,"menu_order":0,"comment_status":"closed","ping_status":"closed","template":"","meta":{"footnotes":""},"class_list":["post-422","page","type-page","status-publish","hentry"],"_links":{"self":[{"href":"https:\/\/novembremusicaldesvoirons.com\/index.php\/wp-json\/wp\/v2\/pages\/422","targetHints":{"allow":["GET"]}}],"collection":[{"href":"https:\/\/novembremusicaldesvoirons.com\/index.php\/wp-json\/wp\/v2\/pages"}],"about":[{"href":"https:\/\/novembremusicaldesvoirons.com\/index.php\/wp-json\/wp\/v2\/types\/page"}],"author":[{"embeddable":true,"href":"https:\/\/novembremusicaldesvoirons.com\/index.php\/wp-json\/wp\/v2\/users\/3"}],"replies":[{"embeddable":true,"href":"https:\/\/novembremusicaldesvoirons.com\/index.php\/wp-json\/wp\/v2\/comments?post=422"}],"version-history":[{"count":6,"href":"https:\/\/novembremusicaldesvoirons.com\/index.php\/wp-json\/wp\/v2\/pages\/422\/revisions"}],"predecessor-version":[{"id":753,"href":"https:\/\/novembremusicaldesvoirons.com\/index.php\/wp-json\/wp\/v2\/pages\/422\/revisions\/753"}],"wp:attachment":[{"href":"https:\/\/novembremusicaldesvoirons.com\/index.php\/wp-json\/wp\/v2\/media?parent=422"}],"curies":[{"name":"wp","href":"https:\/\/api.w.org\/{rel}","templated":true}]}}

Les Frères BOUCLIER

<p><img loading="lazy" decoding="async" class=" wp-image-381 alignleft" src="https://novembremusicaldesvoirons.com/wp-content/uploads/2017/07/06-Les-Boucliers-300x225.jpg" alt="" width="355" height="266" /></p>
<p>&nbsp;</p>
<h2><strong>Les Frères Bouclier</strong></h2>
<p>Un duo exceptionnel ! Issus d&rsquo;une famille de musiciens, Dimitri et Julien Bouclier s&rsquo;imposent aujourd&rsquo;hui comme de véritables virtuoses de leurs instruments.</p>
<p>Si violon et accordéon riment souvent avec musique de l&rsquo;Est, ce duo transporte son public vers des terres inconnues et impressionne par le lyrisme, la liberté, et l&rsquo;engagement de ses arrangements et de ses interprétations.</p>
<p>Le programme va de grandes œuvres baroques et classique à chaleur des tangos argentins en passant par la splendeur du répertoire russe.</p>
<p>Le duo a bénéficié des conseils de grands pédagogues parmi lesquels : Marie-Annick Nicolas, leur père Thierry Bouclier, Jean-Ter Merguerian et Jean-Jacques Balet à la Haute Ecole de Musique de Genève.</p>
<p>Il se produit en concert depuis 2005. En 2008, il se classe 5ème au Prix International de Musique de Chambre de Glasgow et 2ème au Concours International de Musique de Chambre de Castelfidardo. En 2009, il participe aux concerts « Jeunes Talents » et est invité à jouer en première partie de récital de Marie-Annick Nicolas et François Daudet puis de François-René Duchable. En octobre 2009, il remporte le 1er prix au Concours International de Roubaix.</p>
<p>Depuis, le duo se produit partout en France et en Europe dans de prestigieux festivals (Festival Radio France Montpellier, Lille Piano Festival, Festival Européen Jeunes Talents, Festival de musique de Chambre d’Arcachon, Cully Classique, Festival International de Kragujevac, Festival des Lumières, etc.) Son premier cd sortira en 2017 chez Klarthe Records.</p>
<p><a href="https://www.dimitribouclier.com/les-freres-bouclier">https://www.dimitribouclier.com/les-freres-bouclier</a></p>

<p>&nbsp; Les Frères Bouclier Un duo exceptionnel ! Issus d&rsquo;une famille de musiciens, Dimitri et Julien Bouclier s&rsquo;imposent aujourd&rsquo;hui comme de véritables virtuoses de leurs instruments. Si violon et accordéon riment souvent avec musique de l&rsquo;Est, ce duo transporte son</p>
