{"id":350,"date":"2017-06-22T15:17:55","date_gmt":"2017-06-22T13:17:55","guid":{"rendered":"http:\/\/novembremusicaldesvoirons.com\/?page_id=350"},"modified":"2025-09-15T14:26:36","modified_gmt":"2025-09-15T12:26:36","slug":"le-projet-et-la-structure","status":"publish","type":"page","link":"https:\/\/novembremusicaldesvoirons.com\/index.php\/le-projet-et-la-structure\/","title":{"rendered":"Le projet et la structure"},"content":{"rendered":"\n<p><\/p>\n\n\n\n<div class=\"wp-block-media-text alignwide has-media-on-the-right is-stacked-on-mobile is-vertically-aligned-center\" style=\"grid-template-columns:auto 33%\"><div class=\"wp-block-media-text__content\">\n<p>A partir de 2012, l\u2019association <em>Promenades Musicales<\/em> a organis\u00e9 des concerts \u00e0 Bonne et environs. Cette activit\u00e9 a \u00e9volu\u00e9 et est devenue le festival <em><strong>Novembre Musical des Voirons<\/strong><\/em>.<\/p>\n\n\n\n<p>En 2018, l\u2019organisation du festival a \u00e9t\u00e9 reprise par la nouvelle association portant le nom du festival, <em>Novembre Musical des Voirons<\/em> (N.M.V.)<\/p>\n\n\n\n<p><strong>Le festival Novembre Musical des Voirons a pour vocation d\u2019inciter \u00e0 l\u2019\u00e9coute et \u00e0 la d\u00e9couverte de musiques vivantes&nbsp;<\/strong>gr\u00e2ce \u00e0 des concerts de proximit\u00e9 recevant des artistes d\u2019excellence.<\/p>\n\n\n\n<p><strong>Il est dans son esprit d\u2019ouvrir les concerts \u00e0 un public le plus large possible gr\u00e2ce \u00e0 un acc\u00e8s libre et ouvert.&nbsp;<\/strong>A la sortie, le public est cependant invit\u00e9 \u00e0 contribuer financi\u00e8rement \u00e0 hauteur de ses moyens et de sa satisfaction, apportant ainsi une ressource indispensable \u00e0 la p\u00e9rennit\u00e9 du festival.<\/p>\n\n\n\n<p><strong>Classique | Jazz | Cr\u00e9ations &#8211; musique instrumentale et vocale<\/strong> :<\/p>\n\n\n\n<p><strong>Classique&nbsp;<\/strong>d\u2019abord, pour offrir cette musique, en direct, \u00e0 un auditoire local.<strong><br>Jazz et \/ ou musiques du monde,&nbsp;<\/strong>pour \u00e9largir g\u00e9ographiquement le r\u00e9pertoire,<br><strong>Cr\u00e9ations ou improvisations,<\/strong>&nbsp;pour acc\u00e9der aussi \u00e0 la richesse du temps pr\u00e9sent.<\/p>\n<\/div><figure class=\"wp-block-media-text__media\"><img loading=\"lazy\" decoding=\"async\" width=\"1024\" height=\"839\" src=\"https:\/\/novembremusicaldesvoirons.com\/wp-content\/uploads\/2021\/12\/DSC_6121-1024x839.jpg\" alt=\"\" class=\"wp-image-3528 size-full\" srcset=\"https:\/\/novembremusicaldesvoirons.com\/wp-content\/uploads\/2021\/12\/DSC_6121-1024x839.jpg 1024w, https:\/\/novembremusicaldesvoirons.com\/wp-content\/uploads\/2021\/12\/DSC_6121-300x246.jpg 300w, https:\/\/novembremusicaldesvoirons.com\/wp-content\/uploads\/2021\/12\/DSC_6121-768x629.jpg 768w, https:\/\/novembremusicaldesvoirons.com\/wp-content\/uploads\/2021\/12\/DSC_6121.jpg 1303w\" sizes=\"auto, (max-width: 1024px) 100vw, 1024px\" \/><\/figure><\/div>\n","protected":false},"excerpt":{"rendered":"<p>A partir de 2012, l\u2019association Promenades Musicales a organis\u00e9 des concerts \u00e0 Bonne et environs. Cette activit\u00e9 a \u00e9volu\u00e9 et est devenue le festival Novembre Musical des Voirons. En 2018, l\u2019organisation du festival a \u00e9t\u00e9 reprise par la nouvelle association<\/p>\n","protected":false},"author":3,"featured_media":0,"parent":0,"menu_order":0,"comment_status":"closed","ping_status":"closed","template":"","meta":{"footnotes":""},"class_list":["post-350","page","type-page","status-publish","hentry"],"_links":{"self":[{"href":"https:\/\/novembremusicaldesvoirons.com\/index.php\/wp-json\/wp\/v2\/pages\/350","targetHints":{"allow":["GET"]}}],"collection":[{"href":"https:\/\/novembremusicaldesvoirons.com\/index.php\/wp-json\/wp\/v2\/pages"}],"about":[{"href":"https:\/\/novembremusicaldesvoirons.com\/index.php\/wp-json\/wp\/v2\/types\/page"}],"author":[{"embeddable":true,"href":"https:\/\/novembremusicaldesvoirons.com\/index.php\/wp-json\/wp\/v2\/users\/3"}],"replies":[{"embeddable":true,"href":"https:\/\/novembremusicaldesvoirons.com\/index.php\/wp-json\/wp\/v2\/comments?post=350"}],"version-history":[{"count":64,"href":"https:\/\/novembremusicaldesvoirons.com\/index.php\/wp-json\/wp\/v2\/pages\/350\/revisions"}],"predecessor-version":[{"id":5495,"href":"https:\/\/novembremusicaldesvoirons.com\/index.php\/wp-json\/wp\/v2\/pages\/350\/revisions\/5495"}],"wp:attachment":[{"href":"https:\/\/novembremusicaldesvoirons.com\/index.php\/wp-json\/wp\/v2\/media?parent=350"}],"curies":[{"name":"wp","href":"https:\/\/api.w.org\/{rel}","templated":true}]}}

<p></p>



<div class="wp-block-media-text alignwide has-media-on-the-right is-stacked-on-mobile is-vertically-aligned-center" style="grid-template-columns:auto 33%"><div class="wp-block-media-text__content">
<p>A partir de 2012, l’association <em>Promenades Musicales</em> a organisé des concerts à Bonne et environs. Cette activité a évolué et est devenue le festival <em><strong>Novembre Musical des Voirons</strong></em>.</p>



<p>En 2018, l’organisation du festival a été reprise par la nouvelle association portant le nom du festival, <em>Novembre Musical des Voirons</em> (N.M.V.)</p>



<p><strong>Le festival Novembre Musical des Voirons a pour vocation d’inciter à l’écoute et à la découverte de musiques vivantes&nbsp;</strong>grâce à des concerts de proximité recevant des artistes d’excellence.</p>



<p><strong>Il est dans son esprit d’ouvrir les concerts à un public le plus large possible grâce à un accès libre et ouvert.&nbsp;</strong>A la sortie, le public est cependant invité à contribuer financièrement à hauteur de ses moyens et de sa satisfaction, apportant ainsi une ressource indispensable à la pérennité du festival.</p>



<p><strong>Classique | Jazz | Créations &#8211; musique instrumentale et vocale</strong> :</p>



<p><strong>Classique&nbsp;</strong>d’abord, pour offrir cette musique, en direct, à un auditoire local.<strong><br>Jazz et / ou musiques du monde,&nbsp;</strong>pour élargir géographiquement le répertoire,<br><strong>Créations ou improvisations,</strong>&nbsp;pour accéder aussi à la richesse du temps présent.</p>
</div><figure class="wp-block-media-text__media"><img loading="lazy" decoding="async" width="1024" height="839" src="https://novembremusicaldesvoirons.com/wp-content/uploads/2021/12/DSC_6121-1024x839.jpg" alt="" class="wp-image-3528 size-full" srcset="https://novembremusicaldesvoirons.com/wp-content/uploads/2021/12/DSC_6121-1024x839.jpg 1024w, https://novembremusicaldesvoirons.com/wp-content/uploads/2021/12/DSC_6121-300x246.jpg 300w, https://novembremusicaldesvoirons.com/wp-content/uploads/2021/12/DSC_6121-768x629.jpg 768w, https://novembremusicaldesvoirons.com/wp-content/uploads/2021/12/DSC_6121.jpg 1303w" sizes="auto, (max-width: 1024px) 100vw, 1024px" /></figure></div>

<p>A partir de 2012, l’association Promenades Musicales a organisé des concerts à Bonne et environs. Cette activité a évolué et est devenue le festival Novembre Musical des Voirons. En 2018, l’organisation du festival a été reprise par la nouvelle association</p>
