{"id":1567,"date":"2018-10-11T11:16:50","date_gmt":"2018-10-11T09:16:50","guid":{"rendered":"http:\/\/novembremusicaldesvoirons.com\/?page_id=1567"},"modified":"2024-06-12T11:13:14","modified_gmt":"2024-06-12T09:13:14","slug":"programme-detaille-du-festival-2018","status":"publish","type":"page","link":"https:\/\/novembremusicaldesvoirons.com\/index.php\/programme-detaille-du-festival-2018\/","title":{"rendered":"Edition \u00a0 2018"},"content":{"rendered":"\n<p><strong>7\u00e8me \u00e9dition &#8211; 9 \/ 10 et 16 \/ 17 \/ 18 novembre<br>Th\u00e8me de l&rsquo;\u00e9dition 2018 : Jean-S\u00e9bastien Bach &#8211; Hommages &amp; cr\u00e9ations<\/strong><\/p>\n\n\n\n<p class=\"has-medium-font-size\"><strong>Lien vers page : <a rel=\"noreferrer noopener\" href=\"https:\/\/novembremusicaldesvoirons.com\/index.php\/brouillon-nelle-page-ed-2018-en-images\/\" target=\"_blank\">vid\u00e9os \u00e9dition 2018<\/a><\/strong><\/p>\n\n\n\n<figure class=\"wp-block-image\"><img loading=\"lazy\" decoding=\"async\" width=\"717\" height=\"1024\" src=\"https:\/\/novembremusicaldesvoirons.com\/wp-content\/uploads\/2019\/02\/depliantpagepage-02-717x1024.jpg\" alt=\"\" class=\"wp-image-2234\" srcset=\"https:\/\/novembremusicaldesvoirons.com\/wp-content\/uploads\/2019\/02\/depliantpagepage-02-717x1024.jpg 717w, https:\/\/novembremusicaldesvoirons.com\/wp-content\/uploads\/2019\/02\/depliantpagepage-02-210x300.jpg 210w, https:\/\/novembremusicaldesvoirons.com\/wp-content\/uploads\/2019\/02\/depliantpagepage-02-768x1097.jpg 768w, https:\/\/novembremusicaldesvoirons.com\/wp-content\/uploads\/2019\/02\/depliantpagepage-02.jpg 1241w\" sizes=\"auto, (max-width: 717px) 100vw, 717px\" \/><\/figure>\n\n\n\n<figure class=\"wp-block-image\"><img loading=\"lazy\" decoding=\"async\" width=\"718\" height=\"1024\" src=\"https:\/\/novembremusicaldesvoirons.com\/wp-content\/uploads\/2019\/02\/depliantpagepage-03-718x1024.jpg\" alt=\"\" class=\"wp-image-2235\" srcset=\"https:\/\/novembremusicaldesvoirons.com\/wp-content\/uploads\/2019\/02\/depliantpagepage-03-718x1024.jpg 718w, https:\/\/novembremusicaldesvoirons.com\/wp-content\/uploads\/2019\/02\/depliantpagepage-03-210x300.jpg 210w, https:\/\/novembremusicaldesvoirons.com\/wp-content\/uploads\/2019\/02\/depliantpagepage-03-768x1096.jpg 768w, https:\/\/novembremusicaldesvoirons.com\/wp-content\/uploads\/2019\/02\/depliantpagepage-03.jpg 1242w\" sizes=\"auto, (max-width: 718px) 100vw, 718px\" \/><\/figure>\n\n\n\n<figure class=\"wp-block-image\"><img loading=\"lazy\" decoding=\"async\" width=\"717\" height=\"1024\" src=\"https:\/\/novembremusicaldesvoirons.com\/wp-content\/uploads\/2019\/02\/depliantpagepage-05-717x1024.jpg\" alt=\"\" class=\"wp-image-2236\" srcset=\"https:\/\/novembremusicaldesvoirons.com\/wp-content\/uploads\/2019\/02\/depliantpagepage-05-717x1024.jpg 717w, https:\/\/novembremusicaldesvoirons.com\/wp-content\/uploads\/2019\/02\/depliantpagepage-05-210x300.jpg 210w, https:\/\/novembremusicaldesvoirons.com\/wp-content\/uploads\/2019\/02\/depliantpagepage-05-768x1097.jpg 768w, https:\/\/novembremusicaldesvoirons.com\/wp-content\/uploads\/2019\/02\/depliantpagepage-05.jpg 1241w\" sizes=\"auto, (max-width: 717px) 100vw, 717px\" \/><\/figure>\n\n\n\n<figure class=\"wp-block-image\"><img loading=\"lazy\" decoding=\"async\" width=\"717\" height=\"1024\" src=\"https:\/\/novembremusicaldesvoirons.com\/wp-content\/uploads\/2019\/01\/depliantpagepage-06-717x1024.jpg\" alt=\"\" class=\"wp-image-1965\" srcset=\"https:\/\/novembremusicaldesvoirons.com\/wp-content\/uploads\/2019\/01\/depliantpagepage-06-717x1024.jpg 717w, https:\/\/novembremusicaldesvoirons.com\/wp-content\/uploads\/2019\/01\/depliantpagepage-06-210x300.jpg 210w, https:\/\/novembremusicaldesvoirons.com\/wp-content\/uploads\/2019\/01\/depliantpagepage-06-768x1096.jpg 768w, https:\/\/novembremusicaldesvoirons.com\/wp-content\/uploads\/2019\/01\/depliantpagepage-06.jpg 1242w\" sizes=\"auto, (max-width: 717px) 100vw, 717px\" \/><\/figure>\n","protected":false},"excerpt":{"rendered":"<p>7\u00e8me \u00e9dition &#8211; 9 \/ 10 et 16 \/ 17 \/ 18 novembreTh\u00e8me de l&rsquo;\u00e9dition 2018 : Jean-S\u00e9bastien Bach &#8211; Hommages &amp; cr\u00e9ations Lien vers page : vid\u00e9os \u00e9dition 2018<\/p>\n","protected":false},"author":3,"featured_media":0,"parent":0,"menu_order":0,"comment_status":"closed","ping_status":"closed","template":"","meta":{"footnotes":""},"class_list":["post-1567","page","type-page","status-publish","hentry"],"_links":{"self":[{"href":"https:\/\/novembremusicaldesvoirons.com\/index.php\/wp-json\/wp\/v2\/pages\/1567","targetHints":{"allow":["GET"]}}],"collection":[{"href":"https:\/\/novembremusicaldesvoirons.com\/index.php\/wp-json\/wp\/v2\/pages"}],"about":[{"href":"https:\/\/novembremusicaldesvoirons.com\/index.php\/wp-json\/wp\/v2\/types\/page"}],"author":[{"embeddable":true,"href":"https:\/\/novembremusicaldesvoirons.com\/index.php\/wp-json\/wp\/v2\/users\/3"}],"replies":[{"embeddable":true,"href":"https:\/\/novembremusicaldesvoirons.com\/index.php\/wp-json\/wp\/v2\/comments?post=1567"}],"version-history":[{"count":31,"href":"https:\/\/novembremusicaldesvoirons.com\/index.php\/wp-json\/wp\/v2\/pages\/1567\/revisions"}],"predecessor-version":[{"id":4858,"href":"https:\/\/novembremusicaldesvoirons.com\/index.php\/wp-json\/wp\/v2\/pages\/1567\/revisions\/4858"}],"wp:attachment":[{"href":"https:\/\/novembremusicaldesvoirons.com\/index.php\/wp-json\/wp\/v2\/media?parent=1567"}],"curies":[{"name":"wp","href":"https:\/\/api.w.org\/{rel}","templated":true}]}}